{"id":12,"date":"2019-12-13T08:20:27","date_gmt":"2019-12-13T08:20:27","guid":{"rendered":"https:\/\/www.nunciaturapostolica.es\/?page_id=12"},"modified":"2025-08-29T11:56:39","modified_gmt":"2025-08-29T09:56:39","slug":"personal","status":"publish","type":"page","link":"https:\/\/www.nunciaturapostolica.es\/index.php\/personal\/","title":{"rendered":"Personal"},"content":{"rendered":"<p><div class=\"fusion-fullwidth fullwidth-box fusion-builder-row-1 fusion-flex-container nonhundred-percent-fullwidth non-hundred-percent-height-scrolling\" style=\"--awb-border-radius-top-left:0px;--awb-border-radius-top-right:0px;--awb-border-radius-bottom-right:0px;--awb-border-radius-bottom-left:0px;--awb-padding-top:27px;--awb-padding-bottom:30px;--awb-background-color:#ffeb3b;--awb-flex-wrap:wrap;\" ><div class=\"fusion-builder-row fusion-row fusion-flex-align-items-flex-start fusion-flex-content-wrap\" style=\"max-width:1144px;margin-left: calc(-4% \/ 2 );margin-right: calc(-4% \/ 2 );\"><div class=\"fusion-layout-column fusion_builder_column fusion-builder-column-0 fusion_builder_column_1_1 1_1 fusion-flex-column\" style=\"--awb-bg-size:cover;--awb-width-large:100%;--awb-margin-top-large:0px;--awb-spacing-right-large:1.92%;--awb-margin-bottom-large:0px;--awb-spacing-left-large:1.92%;--awb-width-medium:100%;--awb-order-medium:0;--awb-spacing-right-medium:1.92%;--awb-spacing-left-medium:1.92%;--awb-width-small:100%;--awb-order-small:0;--awb-spacing-right-small:1.92%;--awb-spacing-left-small:1.92%;\"><div class=\"fusion-column-wrapper fusion-column-has-shadow fusion-flex-justify-content-flex-start fusion-content-layout-column\"><div class=\"fusion-title title fusion-title-1 fusion-sep-none fusion-title-center fusion-title-text fusion-title-size-one\"><h1 class=\"fusion-title-heading title-heading-center fusion-responsive-typography-calculated\" style=\"font-family:&quot;Lato&quot;;font-style:normal;font-weight:300;margin:0;--fontSize:70;line-height:1.4;\">Nuestro Personal<\/h1><\/div><\/div><\/div><\/div><\/div><div class=\"fusion-fullwidth fullwidth-box fusion-builder-row-2 fusion-flex-container nonhundred-percent-fullwidth non-hundred-percent-height-scrolling\" style=\"--awb-border-radius-top-left:0px;--awb-border-radius-top-right:0px;--awb-border-radius-bottom-right:0px;--awb-border-radius-bottom-left:0px;--awb-padding-top:50px;--awb-background-color:#faf9f6;--awb-flex-wrap:wrap;\" ><div class=\"fusion-builder-row fusion-row fusion-flex-align-items-flex-start fusion-flex-content-wrap\" style=\"max-width:calc( 1100px + 0px );margin-left: calc(-0px \/ 2 );margin-right: calc(-0px \/ 2 );\"><div class=\"fusion-layout-column fusion_builder_column fusion-builder-column-1 fusion_builder_column_1_1 1_1 fusion-flex-column fusion-animated\" style=\"--awb-bg-size:cover;--awb-width-large:100%;--awb-margin-top-large:0px;--awb-spacing-right-large:0px;--awb-margin-bottom-large:60px;--awb-spacing-left-large:0px;--awb-width-medium:100%;--awb-spacing-right-medium:0px;--awb-spacing-left-medium:0px;--awb-width-small:100%;--awb-spacing-right-small:0px;--awb-spacing-left-small:0px;\" data-animationType=\"fadeInDown\" data-animationDuration=\"1.0\" data-animationOffset=\"top-into-view\"><div class=\"fusion-column-wrapper fusion-column-has-shadow fusion-flex-justify-content-flex-start fusion-content-layout-column\"><div class=\"fusion-title title fusion-title-2 fusion-sep-none fusion-title-center fusion-title-text fusion-title-size-two\"><h2 class=\"fusion-title-heading title-heading-center fusion-responsive-typography-calculated\" style=\"margin:0;--fontSize:60;line-height:1.5;\">Personal Diplom\u00e1tico<\/h2><\/div><\/div><\/div><\/div><\/div><div class=\"fusion-fullwidth fullwidth-box fusion-builder-row-3 fusion-flex-container hundred-percent-fullwidth non-hundred-percent-height-scrolling\" style=\"--awb-border-radius-top-left:0px;--awb-border-radius-top-right:0px;--awb-border-radius-bottom-right:0px;--awb-border-radius-bottom-left:0px;--awb-padding-right:6%;--awb-padding-bottom:0%;--awb-padding-left:6%;--awb-background-color:#faf9f6;--awb-flex-wrap:wrap;\" ><div class=\"fusion-builder-row fusion-row fusion-flex-align-items-flex-start fusion-flex-content-wrap\" style=\"width:104% !important;max-width:104% !important;margin-left: calc(-4% \/ 2 );margin-right: calc(-4% \/ 2 );\"><div class=\"fusion-layout-column fusion_builder_column fusion-builder-column-2 fusion_builder_column_1_2 1_2 fusion-flex-column fusion-animated\" style=\"--awb-bg-size:cover;--awb-width-large:50%;--awb-margin-top-large:0px;--awb-spacing-right-large:3.84%;--awb-margin-bottom-large:40px;--awb-spacing-left-large:3.84%;--awb-width-medium:100%;--awb-spacing-right-medium:1.92%;--awb-spacing-left-medium:1.92%;--awb-width-small:100%;--awb-spacing-right-small:1.92%;--awb-spacing-left-small:1.92%;\" data-animationType=\"fadeInLeft\" data-animationDuration=\"1.0\" data-animationOffset=\"top-into-view\"><div class=\"fusion-column-wrapper fusion-column-has-shadow fusion-flex-justify-content-flex-start fusion-content-layout-column\"><div class=\"fusion-separator fusion-full-width-sep\" style=\"align-self: center;margin-left: auto;margin-right: auto;margin-top:30px;width:100%;\"><\/div><div class=\"fusion-image-element \" style=\"text-align:center;--awb-caption-title-font-family:var(--h2_typography-font-family);--awb-caption-title-font-weight:var(--h2_typography-font-weight);--awb-caption-title-font-style:var(--h2_typography-font-style);--awb-caption-title-size:var(--h2_typography-font-size);--awb-caption-title-transform:var(--h2_typography-text-transform);--awb-caption-title-line-height:var(--h2_typography-line-height);--awb-caption-title-letter-spacing:var(--h2_typography-letter-spacing);\"><span class=\" fusion-imageframe imageframe-none imageframe-1 hover-type-none\" style=\"border-radius:100%;\"><img decoding=\"async\" width=\"229\" height=\"300\" title=\"FOT1\" src=\"https:\/\/www.nunciaturapostolica.es\/wp-content\/uploads\/2025\/08\/FOT1.jpg\" data-orig-src=\"https:\/\/www.nunciaturapostolica.es\/wp-content\/uploads\/2025\/08\/FOT1-229x300.jpg\" alt class=\"lazyload img-responsive wp-image-1287\" srcset=\"data:image\/svg+xml,%3Csvg%20xmlns%3D%27http%3A%2F%2Fwww.w3.org%2F2000%2Fsvg%27%20width%3D%27968%27%20height%3D%271268%27%20viewBox%3D%270%200%20968%201268%27%3E%3Crect%20width%3D%27968%27%20height%3D%271268%27%20fill-opacity%3D%220%22%2F%3E%3C%2Fsvg%3E\" data-srcset=\"https:\/\/www.nunciaturapostolica.es\/wp-content\/uploads\/2025\/08\/FOT1-200x262.jpg 200w, https:\/\/www.nunciaturapostolica.es\/wp-content\/uploads\/2025\/08\/FOT1-400x524.jpg 400w, https:\/\/www.nunciaturapostolica.es\/wp-content\/uploads\/2025\/08\/FOT1-600x786.jpg 600w, https:\/\/www.nunciaturapostolica.es\/wp-content\/uploads\/2025\/08\/FOT1-800x1048.jpg 800w, https:\/\/www.nunciaturapostolica.es\/wp-content\/uploads\/2025\/08\/FOT1.jpg 968w\" data-sizes=\"auto\" data-orig-sizes=\"(max-width: 1024px) 100vw, (max-width: 640px) 100vw, 600px\" \/><\/span><\/div><div class=\"fusion-title title fusion-title-3 fusion-sep-none fusion-title-center fusion-title-text fusion-title-size-three\" style=\"--awb-margin-bottom:0px;--awb-margin-bottom-small:0px;\"><h3 class=\"fusion-title-heading title-heading-center fusion-responsive-typography-calculated\" style=\"margin:0;--fontSize:50;line-height:1.5;\">Mons. Roman Walczak<\/h3><\/div><div class=\"fusion-title title fusion-title-4 fusion-sep-none fusion-title-center fusion-title-text fusion-title-size-four\" style=\"--awb-font-size:30px;\"><h4 class=\"fusion-title-heading title-heading-center fusion-responsive-typography-calculated\" style=\"margin:0;font-size:1em;--fontSize:30;line-height:1.5;\">1\u00ba\u00a0Consejero<\/h4><\/div><div class=\"fusion-separator\" style=\"align-self: center;margin-left: auto;margin-right: auto;margin-bottom:25px;width:100%;max-width:80px;\"><div class=\"fusion-separator-border sep-single sep-solid\" style=\"--awb-height:20px;--awb-amount:20px;--awb-sep-color:#f3d2a7;border-color:#f3d2a7;border-top-width:4px;\"><\/div><\/div><div class=\"fusion-text fusion-text-1\" style=\"--awb-font-size:16px;\"><p>El Rvdo. Mons. Roman Walczak naci\u00f3 en Konin (Polonia), el 25 de mayo de 1972. Fue ordenado sacerdote el 17 de mayo de 1997.<\/p>\n<p><strong>Estudios:<\/strong><\/p>\n<ul>\n<li>2006-2008: Formaci\u00f3n diplom\u00e1tica \u2013 Pontificia Academia Eclesi\u00e1stica, Roma.<\/li>\n<li><span style=\"color: var(--body_typography-color); font-family: var(--body_typography-font-family); font-style: var(--body_typography-font-style,normal); font-weight: var(--body_typography-font-weight); letter-spacing: var(--body_typography-letter-spacing);\">2006: Doctor en Derecho Can\u00f3nico \u2013 Universidad Lateranense, Roma. <\/span><\/li>\n<li>2004: Licenciado en Derecho Can\u00f3nico \u2013 Universidad Lateranense, Roma.<\/li>\n<li>1997: Bachillerato en Teolog\u00eda \u2013 Universidad Cat\u00f3lica de Lublin, Polonia.<\/li>\n<\/ul>\n<p><strong>Misiones Diplom\u00e1ticas:<\/strong><\/p>\n<ul>\n<li>2008-2011: Secretario\u00a0de la Nunciatura\u00a0Apost\u00f3lica\u00a0en\u00a0Liberia;\u00a0<\/li>\n<li>2011-2014: Secretario de la Nunciatura\u00a0Apost\u00f3lica en Portugal;\u00a0<\/li>\n<li>2014-2017: Secretario de la Nunciatura\u00a0Apost\u00f3lica\u00a0en Nueva Zelanda;\u00a0<\/li>\n<li>2017-2020: Consejero de la Nunciatura\u00a0Apost\u00f3lica\u00a0en Sud\u00e1frica;<\/li>\n<li>2020-2023:\u00a0 Consejero de la Nunciatura Apost\u00f3lica en Italia;<\/li>\n<li>2023 &#8211; :\u00a0 Consejero de la Nunciatura Apost\u00f3lica en Espa\u00f1a.<\/li>\n<\/ul>\n<p><strong>Idiomas: <\/strong>Polaco, Italiano, Ingl\u00e9s, Portugu\u00e9s, Ruso y Espa\u00f1ol.<\/p>\n<p><strong>Otros: <\/strong><\/p>\n<p>1997-2001: Vicario parroquial y profesor de religi\u00f3n.<\/p>\n<p>Es autor de libros y art\u00edculos sobre derecho can\u00f3nico, liturgia y diplomacia pontificia.<\/p>\n<\/div><\/div><\/div><div class=\"fusion-layout-column fusion_builder_column fusion-builder-column-3 fusion_builder_column_1_2 1_2 fusion-flex-column fusion-animated\" style=\"--awb-bg-size:cover;--awb-width-large:50%;--awb-margin-top-large:0px;--awb-spacing-right-large:3.84%;--awb-margin-bottom-large:40px;--awb-spacing-left-large:3.84%;--awb-width-medium:100%;--awb-spacing-right-medium:1.92%;--awb-spacing-left-medium:1.92%;--awb-width-small:100%;--awb-spacing-right-small:1.92%;--awb-spacing-left-small:1.92%;\" data-animationType=\"fadeInDown\" data-animationDuration=\"1.0\" data-animationOffset=\"top-into-view\"><div class=\"fusion-column-wrapper fusion-column-has-shadow fusion-flex-justify-content-flex-start fusion-content-layout-column\"><div class=\"fusion-separator fusion-full-width-sep\" style=\"align-self: center;margin-left: auto;margin-right: auto;margin-top:30px;width:100%;\"><\/div><div class=\"fusion-image-element \" style=\"text-align:center;--awb-caption-title-font-family:var(--h2_typography-font-family);--awb-caption-title-font-weight:var(--h2_typography-font-weight);--awb-caption-title-font-style:var(--h2_typography-font-style);--awb-caption-title-size:var(--h2_typography-font-size);--awb-caption-title-transform:var(--h2_typography-text-transform);--awb-caption-title-line-height:var(--h2_typography-line-height);--awb-caption-title-letter-spacing:var(--h2_typography-letter-spacing);\"><span class=\" fusion-imageframe imageframe-none imageframe-2 hover-type-none\" style=\"border-radius:100%;\"><img decoding=\"async\" width=\"225\" height=\"300\" title=\"IMG-20240310-WA0034\" src=\"https:\/\/www.nunciaturapostolica.es\/wp-content\/uploads\/2024\/03\/IMG-20240310-WA0034.jpg\" data-orig-src=\"https:\/\/www.nunciaturapostolica.es\/wp-content\/uploads\/2024\/03\/IMG-20240310-WA0034-225x300.jpg\" alt class=\"lazyload img-responsive wp-image-1193\" srcset=\"data:image\/svg+xml,%3Csvg%20xmlns%3D%27http%3A%2F%2Fwww.w3.org%2F2000%2Fsvg%27%20width%3D%271536%27%20height%3D%272048%27%20viewBox%3D%270%200%201536%202048%27%3E%3Crect%20width%3D%271536%27%20height%3D%272048%27%20fill-opacity%3D%220%22%2F%3E%3C%2Fsvg%3E\" data-srcset=\"https:\/\/www.nunciaturapostolica.es\/wp-content\/uploads\/2024\/03\/IMG-20240310-WA0034-200x267.jpg 200w, https:\/\/www.nunciaturapostolica.es\/wp-content\/uploads\/2024\/03\/IMG-20240310-WA0034-400x533.jpg 400w, https:\/\/www.nunciaturapostolica.es\/wp-content\/uploads\/2024\/03\/IMG-20240310-WA0034-600x800.jpg 600w, https:\/\/www.nunciaturapostolica.es\/wp-content\/uploads\/2024\/03\/IMG-20240310-WA0034-800x1067.jpg 800w, https:\/\/www.nunciaturapostolica.es\/wp-content\/uploads\/2024\/03\/IMG-20240310-WA0034-1200x1600.jpg 1200w, https:\/\/www.nunciaturapostolica.es\/wp-content\/uploads\/2024\/03\/IMG-20240310-WA0034.jpg 1536w\" data-sizes=\"auto\" data-orig-sizes=\"(max-width: 1024px) 100vw, (max-width: 640px) 100vw, 600px\" \/><\/span><\/div><div class=\"fusion-title title fusion-title-5 fusion-sep-none fusion-title-center fusion-title-text fusion-title-size-three\" style=\"--awb-margin-bottom:0px;--awb-margin-bottom-small:0px;\"><h3 class=\"fusion-title-heading title-heading-center fusion-responsive-typography-calculated\" style=\"margin:0;--fontSize:50;line-height:1.5;\">Mons. Giuseppe Commisso<\/h3><\/div><div class=\"fusion-title title fusion-title-6 fusion-sep-none fusion-title-center fusion-title-text fusion-title-size-four\" style=\"--awb-font-size:30px;\"><h4 class=\"fusion-title-heading title-heading-center fusion-responsive-typography-calculated\" style=\"margin:0;font-size:1em;--fontSize:30;line-height:1.5;\">Secretario<\/h4><\/div><div class=\"fusion-separator\" style=\"align-self: center;margin-left: auto;margin-right: auto;margin-bottom:25px;width:100%;max-width:80px;\"><div class=\"fusion-separator-border sep-single sep-solid\" style=\"--awb-height:20px;--awb-amount:20px;--awb-sep-color:#f3d2a7;border-color:#f3d2a7;border-top-width:4px;\"><\/div><\/div><div class=\"fusion-text fusion-text-2\" style=\"--awb-font-size:16px;\"><p>El Rvdo. Mons. Giuseppe Commisso naci\u00f3 en 1980 (Italia) y fue ordenado sacerdote en 2011.<\/p>\n<p><strong>Estudios:<\/strong><\/p>\n<ul>\n<li>2022: M\u00e1ster en Filosof\u00eda \u2013 Universidad Tor Vergata, Roma.<\/li>\n<li>2021: Doctor en Teolog\u00eda \u2013 Universidad Gregoriana, Roma.<\/li>\n<li>2017: Doctor en Derecho Civil y Can\u00f3nico \u2013 Universidad Lateranense, Roma.<\/li>\n<li>2016: Licenciatura en Teolog\u00eda \u2013 Universidad Gregoriana, Roma.<\/li>\n<li>2015 \u2013 2017: Formaci\u00f3n diplom\u00e1tica \u2013 Pontificia Academia Eclesi\u00e1stica, Roma.<\/li>\n<li>2015: Licenciatura en Derecho Civil y Can\u00f3nico \u2013 Universidad Lateranense, Roma.<\/li>\n<li>2011: Bachiller en Teolog\u00eda \u2013 Universidad de Italia Meridional, N\u00e1poles.<\/li>\n<\/ul>\n<p><strong>Misiones Diplom\u00e1ticas:<\/strong><\/p>\n<ul>\n<li>2017 \u2013 2020: Secretario de la Nunciatura Apost\u00f3lica en la Rep\u00fablica del Congo;<\/li>\n<li>2020 \u2013 2021: Secretario de la Nunciatura Apost\u00f3lica en Albania;<\/li>\n<li>2021 \u2013 2024: Secretario de la Nunciatura Apost\u00f3lica en los Pa\u00edses N\u00f3rdicos;<\/li>\n<li>2024 &#8211; : Secretario de la Nunciatura Apost\u00f3lica en Espa\u00f1a.<\/li>\n<\/ul>\n<p><strong>Idiomas: <\/strong>Italiano, Ingl\u00e9s, Franc\u00e9s y Espa\u00f1ol.<\/p>\n<\/div><\/div><\/div><\/div><\/div><div class=\"fusion-fullwidth fullwidth-box fusion-builder-row-4 fusion-flex-container nonhundred-percent-fullwidth non-hundred-percent-height-scrolling\" style=\"--awb-border-radius-top-left:0px;--awb-border-radius-top-right:0px;--awb-border-radius-bottom-right:0px;--awb-border-radius-bottom-left:0px;--awb-padding-top:0%;--awb-background-color:#faf9f6;--awb-flex-wrap:wrap;\" ><div class=\"fusion-builder-row fusion-row fusion-flex-align-items-flex-start fusion-flex-content-wrap\" style=\"max-width:calc( 1100px + 0px );margin-left: calc(-0px \/ 2 );margin-right: calc(-0px \/ 2 );\"><div class=\"fusion-layout-column fusion_builder_column fusion-builder-column-4 fusion_builder_column_1_1 1_1 fusion-flex-column fusion-animated\" style=\"--awb-bg-size:cover;--awb-width-large:100%;--awb-margin-top-large:0px;--awb-spacing-right-large:0px;--awb-margin-bottom-large:60px;--awb-spacing-left-large:0px;--awb-width-medium:100%;--awb-spacing-right-medium:0px;--awb-spacing-left-medium:0px;--awb-width-small:100%;--awb-spacing-right-small:0px;--awb-spacing-left-small:0px;\" data-animationType=\"fadeInDown\" data-animationDuration=\"1.0\" data-animationOffset=\"top-into-view\"><div class=\"fusion-column-wrapper fusion-column-has-shadow fusion-flex-justify-content-flex-start fusion-content-layout-column\"><div class=\"fusion-separator\" style=\"align-self: center;margin-left: auto;margin-right: auto;margin-bottom:25px;width:100%;max-width:50%;\"><div class=\"fusion-separator-border sep-single sep-solid\" style=\"--awb-height:20px;--awb-amount:20px;--awb-sep-color:#f3d2a7;border-color:#f3d2a7;border-top-width:4px;\"><\/div><\/div><div class=\"fusion-title title fusion-title-7 fusion-sep-none fusion-title-center fusion-title-text fusion-title-size-two\"><h2 class=\"fusion-title-heading title-heading-center fusion-responsive-typography-calculated\" style=\"margin:0;--fontSize:60;line-height:1.5;\">Personal Religioso<\/h2><\/div><div class=\"fusion-image-carousel fusion-image-carousel-auto fusion-image-carousel-1 lightbox-enabled fusion-carousel-border\"><div class=\"awb-carousel awb-swiper awb-swiper-carousel awb-carousel--carousel awb-swiper-dots-position-bottom\" data-layout=\"carousel\" data-autoplay=\"yes\" data-autoplayspeed=\"2500\" data-autoplaypause=\"no\" data-columns=\"1\" data-columnsmedium=\"1\" data-columnssmall=\"1\" data-itemmargin=\"13\" data-itemwidth=\"180\" data-touchscroll=\"drag\" data-freemode=\"no\" data-imagesize=\"auto\" data-scrollitems=\"0\" data-centeredslides=\"no\" data-rotationangle=\"50\" data-depth=\"100\" data-speed=\"500\" data-shadow=\"no\" data-pagination=\"bullets\" style=\"--awb-columns:1;--awb-border-width:1px;--awb-border-color:#e9eaee;\"><div class=\"swiper-wrapper awb-image-carousel-wrapper fusion-flex-align-items-center\"><div class=\"swiper-slide\"><div class=\"fusion-carousel-item-wrapper\"><div class=\"fusion-image-wrapper hover-type-none\"><img decoding=\"async\" width=\"2560\" height=\"1507\" src=\"https:\/\/www.nunciaturapostolica.es\/wp-content\/uploads\/2024\/10\/foto-2-scaled.jpg\" class=\"attachment-full size-full lazyload\" alt=\"\" srcset=\"data:image\/svg+xml,%3Csvg%20xmlns%3D%27http%3A%2F%2Fwww.w3.org%2F2000%2Fsvg%27%20width%3D%272560%27%20height%3D%271507%27%20viewBox%3D%270%200%202560%201507%27%3E%3Crect%20width%3D%272560%27%20height%3D%271507%27%20fill-opacity%3D%220%22%2F%3E%3C%2Fsvg%3E\" data-orig-src=\"https:\/\/www.nunciaturapostolica.es\/wp-content\/uploads\/2024\/10\/foto-2-scaled.jpg\" data-srcset=\"https:\/\/www.nunciaturapostolica.es\/wp-content\/uploads\/2024\/10\/foto-2-200x118.jpg 200w, https:\/\/www.nunciaturapostolica.es\/wp-content\/uploads\/2024\/10\/foto-2-300x177.jpg 300w, https:\/\/www.nunciaturapostolica.es\/wp-content\/uploads\/2024\/10\/foto-2-400x235.jpg 400w, https:\/\/www.nunciaturapostolica.es\/wp-content\/uploads\/2024\/10\/foto-2-600x353.jpg 600w, https:\/\/www.nunciaturapostolica.es\/wp-content\/uploads\/2024\/10\/foto-2-768x452.jpg 768w, https:\/\/www.nunciaturapostolica.es\/wp-content\/uploads\/2024\/10\/foto-2-800x471.jpg 800w, https:\/\/www.nunciaturapostolica.es\/wp-content\/uploads\/2024\/10\/foto-2-1024x603.jpg 1024w, https:\/\/www.nunciaturapostolica.es\/wp-content\/uploads\/2024\/10\/foto-2-1200x706.jpg 1200w, https:\/\/www.nunciaturapostolica.es\/wp-content\/uploads\/2024\/10\/foto-2-1536x904.jpg 1536w, https:\/\/www.nunciaturapostolica.es\/wp-content\/uploads\/2024\/10\/foto-2-scaled.jpg 2560w\" data-sizes=\"auto\" \/><\/div><\/div><\/div><div class=\"swiper-slide\"><div class=\"fusion-carousel-item-wrapper\"><div class=\"fusion-image-wrapper hover-type-none\"><img decoding=\"async\" width=\"2560\" height=\"1920\" src=\"https:\/\/www.nunciaturapostolica.es\/wp-content\/uploads\/2024\/10\/foto-pagina-web-scaled.jpg\" class=\"attachment-full size-full lazyload\" alt=\"\" srcset=\"data:image\/svg+xml,%3Csvg%20xmlns%3D%27http%3A%2F%2Fwww.w3.org%2F2000%2Fsvg%27%20width%3D%272560%27%20height%3D%271920%27%20viewBox%3D%270%200%202560%201920%27%3E%3Crect%20width%3D%272560%27%20height%3D%271920%27%20fill-opacity%3D%220%22%2F%3E%3C%2Fsvg%3E\" data-orig-src=\"https:\/\/www.nunciaturapostolica.es\/wp-content\/uploads\/2024\/10\/foto-pagina-web-scaled.jpg\" data-srcset=\"https:\/\/www.nunciaturapostolica.es\/wp-content\/uploads\/2024\/10\/foto-pagina-web-200x150.jpg 200w, https:\/\/www.nunciaturapostolica.es\/wp-content\/uploads\/2024\/10\/foto-pagina-web-300x225.jpg 300w, https:\/\/www.nunciaturapostolica.es\/wp-content\/uploads\/2024\/10\/foto-pagina-web-400x300.jpg 400w, https:\/\/www.nunciaturapostolica.es\/wp-content\/uploads\/2024\/10\/foto-pagina-web-600x450.jpg 600w, https:\/\/www.nunciaturapostolica.es\/wp-content\/uploads\/2024\/10\/foto-pagina-web-768x576.jpg 768w, https:\/\/www.nunciaturapostolica.es\/wp-content\/uploads\/2024\/10\/foto-pagina-web-800x600.jpg 800w, https:\/\/www.nunciaturapostolica.es\/wp-content\/uploads\/2024\/10\/foto-pagina-web-1024x768.jpg 1024w, https:\/\/www.nunciaturapostolica.es\/wp-content\/uploads\/2024\/10\/foto-pagina-web-1200x900.jpg 1200w, https:\/\/www.nunciaturapostolica.es\/wp-content\/uploads\/2024\/10\/foto-pagina-web-1536x1152.jpg 1536w, https:\/\/www.nunciaturapostolica.es\/wp-content\/uploads\/2024\/10\/foto-pagina-web-scaled.jpg 2560w\" data-sizes=\"auto\" \/><\/div><\/div><\/div><\/div><div class=\"awb-swiper-button awb-swiper-button-prev\"><i class=\"awb-icon-angle-left\" aria-hidden=\"true\"><\/i><\/div><div class=\"awb-swiper-button awb-swiper-button-next\"><i class=\"awb-icon-angle-right\" aria-hidden=\"true\"><\/i><\/div><\/div><\/div><div class=\"fusion-title title fusion-title-8 fusion-sep-none fusion-title-center fusion-title-text fusion-title-size-four\" style=\"--awb-margin-bottom:0px;--awb-margin-bottom-small:0px;\"><h4 class=\"fusion-title-heading title-heading-center fusion-responsive-typography-calculated\" style=\"margin:0;--fontSize:40;line-height:1.5;\">Hijas de Santa Mar\u00eda del Coraz\u00f3n de Jes\u00fas<\/h4><\/div><div style=\"text-align:center;\"><a class=\"fusion-button button-flat fusion-button-default-size button-default fusion-button-default button-1 fusion-button-default-span fusion-button-default-type\" target=\"_blank\" rel=\"noopener noreferrer\" href=\"https:\/\/hsmcj.org\/\"><span class=\"fusion-button-text awb-button__text awb-button__text--default\">Visitar web<\/span><\/a><\/div><\/div><\/div><\/div><\/div><\/p>\n","protected":false},"excerpt":{"rendered":"","protected":false},"author":2,"featured_media":0,"parent":0,"menu_order":0,"comment_status":"closed","ping_status":"closed","template":"100-width.php","meta":{"footnotes":""},"class_list":["post-12","page","type-page","status-publish","hentry"],"_links":{"self":[{"href":"https:\/\/www.nunciaturapostolica.es\/index.php\/wp-json\/wp\/v2\/pages\/12","targetHints":{"allow":["GET"]}}],"collection":[{"href":"https:\/\/www.nunciaturapostolica.es\/index.php\/wp-json\/wp\/v2\/pages"}],"about":[{"href":"https:\/\/www.nunciaturapostolica.es\/index.php\/wp-json\/wp\/v2\/types\/page"}],"author":[{"embeddable":true,"href":"https:\/\/www.nunciaturapostolica.es\/index.php\/wp-json\/wp\/v2\/users\/2"}],"replies":[{"embeddable":true,"href":"https:\/\/www.nunciaturapostolica.es\/index.php\/wp-json\/wp\/v2\/comments?post=12"}],"version-history":[{"count":28,"href":"https:\/\/www.nunciaturapostolica.es\/index.php\/wp-json\/wp\/v2\/pages\/12\/revisions"}],"predecessor-version":[{"id":1288,"href":"https:\/\/www.nunciaturapostolica.es\/index.php\/wp-json\/wp\/v2\/pages\/12\/revisions\/1288"}],"wp:attachment":[{"href":"https:\/\/www.nunciaturapostolica.es\/index.php\/wp-json\/wp\/v2\/media?parent=12"}],"curies":[{"name":"wp","href":"https:\/\/api.w.org\/{rel}","templated":true}]}}